{"id":31,"date":"2023-02-13T19:15:11","date_gmt":"2023-02-13T18:15:11","guid":{"rendered":"https:\/\/beta.chablaisnordic.com\/?page_id=31"},"modified":"2023-10-22T11:08:56","modified_gmt":"2023-10-22T09:08:56","slug":"liens-utiles","status":"publish","type":"page","link":"https:\/\/chablaisnordic.com\/?page_id=31","title":{"rendered":"LIENS UTILES"},"content":{"rendered":"\n<p>Des sites incontournables pour s&rsquo;impr\u00e9gner de l&rsquo;ambiance nordique !<\/p>\n\n\n\n<p><a href=\"https:\/\/www.haute-savoie-nordic.com\/forfait-nordic-pass-74\/\"><strong>Nordic Pass<\/strong><\/a> : la prise en ligne des forfaits d&rsquo;acc\u00e8s aux pistes (SITE-DEPARTEMANTAL-NATIONAL)<\/p>\n\n\n\n<p><a href=\"http:\/\/www.savoie-haute-savoie-nordic.com\"><strong>Savoie &#8211; Haute Savoie Nordic<\/strong><\/a>  SHS : l&rsquo;actu nordique en pays de Savoie <\/p>\n\n\n\n<p><strong><a href=\"http:\/\/www.ffs.fr\">FFS<\/a> <\/strong> le site f\u00e9d\u00e9ral fran\u00e7ais (hors sport de glace)<\/p>\n\n\n\n<p><strong><a href=\"http:\/\/www.ski74.fr\">Comit\u00e9 Mont-Blanc<\/a><\/strong>  l&rsquo;actu du ski en Haute-Savoie<\/p>\n\n\n\n<p><strong><a href=\"https:\/\/www.biathlonworld.com\">IBU<\/a><\/strong>  Tout sur le monde du biathlon international<\/p>\n\n\n\n<p><strong><span class=\"has-inline-color has-blue-color\"><a href=\"https:\/\/biathlonresults.com\" target=\"_blank\" rel=\"noreferrer noopener\">DATACENTER IBU<\/a><\/span><\/strong> Toutes les courses en live, stats, classements en temps r\u00e9el.<\/p>\n\n\n\n<p><a href=\"https:\/\/www.fis-ski.com\"><strong>FIS<\/strong> <\/a>  Tous les informations et r\u00e9sultats des \u00e9preuves internationales de ski<\/p>\n\n\n\n<p><strong><a href=\"https:\/\/www.ski-nordique.net\">SKI NORDIQUE . NET<\/a><\/strong>   l&rsquo;actu en temps r\u00e9el<\/p>\n\n\n\n<p><strong><a href=\"https:\/\/www.nordicmag.info\">NORDIC MAG<\/a><\/strong> l&rsquo;info du nordique <\/p>\n\n\n\n<p><strong><a href=\"https:\/\/www.yr.no\/en\/forecast\/daily-table\/2-3010380\/France\/Auvergne-Rh\u00f4ne-Alpes\/Upper%20Savoy\/La%20Chapelle-d'Abondance\">YR.NO<\/a><\/strong>  site international de m\u00e9t\u00e9o (lien direct vers LA CHAPELLE !)<\/p>\n","protected":false},"excerpt":{"rendered":"<p>Des sites incontournables pour s&rsquo;impr\u00e9gner de l&rsquo;ambiance nordique ! Nordic Pass : la prise en ligne des forfaits d&rsquo;acc\u00e8s aux pistes (SITE-DEPARTEMANTAL-NATIONAL) Savoie &#8211; Haute Savoie Nordic SHS : l&rsquo;actu nordique en pays de Savoie FFS le site f\u00e9d\u00e9ral fran\u00e7ais &hellip; <a href=\"https:\/\/chablaisnordic.com\/?page_id=31\">Continuer la lecture <span class=\"meta-nav\">&rarr;<\/span><\/a><\/p>\n","protected":false},"author":3554,"featured_media":0,"parent":0,"menu_order":0,"comment_status":"closed","ping_status":"closed","template":"","meta":[],"_links":{"self":[{"href":"https:\/\/chablaisnordic.com\/index.php?rest_route=\/wp\/v2\/pages\/31"}],"collection":[{"href":"https:\/\/chablaisnordic.com\/index.php?rest_route=\/wp\/v2\/pages"}],"about":[{"href":"https:\/\/chablaisnordic.com\/index.php?rest_route=\/wp\/v2\/types\/page"}],"author":[{"embeddable":true,"href":"https:\/\/chablaisnordic.com\/index.php?rest_route=\/wp\/v2\/users\/3554"}],"replies":[{"embeddable":true,"href":"https:\/\/chablaisnordic.com\/index.php?rest_route=%2Fwp%2Fv2%2Fcomments&post=31"}],"version-history":[{"count":13,"href":"https:\/\/chablaisnordic.com\/index.php?rest_route=\/wp\/v2\/pages\/31\/revisions"}],"predecessor-version":[{"id":847,"href":"https:\/\/chablaisnordic.com\/index.php?rest_route=\/wp\/v2\/pages\/31\/revisions\/847"}],"wp:attachment":[{"href":"https:\/\/chablaisnordic.com\/index.php?rest_route=%2Fwp%2Fv2%2Fmedia&parent=31"}],"curies":[{"name":"wp","href":"https:\/\/api.w.org\/{rel}","templated":true}]}}