{"id":188,"date":"2023-09-14T20:39:40","date_gmt":"2023-09-14T18:39:40","guid":{"rendered":"https:\/\/chablaisnordic.com\/?page_id=188"},"modified":"2026-01-18T21:16:23","modified_gmt":"2026-01-18T20:16:23","slug":"groupe-masters","status":"publish","type":"page","link":"https:\/\/chablaisnordic.com\/?page_id=188","title":{"rendered":"GROUPE MASTERS"},"content":{"rendered":"\n<p>Le groupe MASTERS permet aux adultes fondeurs et \/ ou parents de b\u00e9n\u00e9ficier <strong>de cours collectifs skaring<\/strong> tous les samedis matin avec OLIVIER. Cette s\u00e9quence est au m\u00eame moment que les s\u00e9ances des jeunes (COMPETITEURS et LOISIR) \u00e0 savoir <strong>tous les samedis de 9h30 \u00e0 11h30.<\/strong> <\/p>\n\n\n\n<p>L&rsquo;objectif est de permettre aux adultes de se retrouver sur les planches pour am\u00e9liorer leur technique en skate afin pour certains de se lancer sur une course populaire. Les plus courageux se retrouvent aussi sur des s\u00e9ances libres en nocturne dans la semaine ou sur un autre spot le dimanche ; c&rsquo;est l&rsquo;avantage du collectif dans le club&#8230;<\/p>\n\n\n\n<p>Merci \u00e0 OLIVIER de pr\u00e9parer nos \u00ab\u00a0grands\u00a0\u00bb \u00e0 une technique irr\u00e9prochable !<\/p>\n\n\n\n<div class=\"wp-container-2 wp-block-group\"><div class=\"wp-block-group__inner-container\">\n<div class=\"wp-block-columns\">\n<div class=\"wp-block-column\" style=\"flex-basis:100%\">\n<div class=\"wp-container-1 wp-block-group\"><div class=\"wp-block-group__inner-container\">\n<div class=\"wp-block-columns\">\n<div class=\"wp-block-column\" style=\"flex-basis:100%\">\n<figure class=\"wp-block-gallery has-nested-images columns-default is-cropped\">\n<figure class=\"wp-block-image size-large\"><img src=\"https:\/\/chablaisnordic.com\/wp-content\/uploads\/sites\/89\/2021\/10\/masters-nuit-768x1024.jpg\" alt=\"\" class=\"wp-image-265\" \/><\/figure>\n\n\n\n<figure class=\"wp-block-image size-full\"><img loading=\"lazy\" width=\"576\" height=\"1024\" src=\"https:\/\/chablaisnordic.com\/wp-content\/uploads\/sites\/89\/2023\/03\/770f534d-3140-4344-b4bf-a561ee941c7e.jpg\" alt=\"\" class=\"wp-image-978\" srcset=\"https:\/\/chablaisnordic.com\/wp-content\/uploads\/sites\/89\/2023\/03\/770f534d-3140-4344-b4bf-a561ee941c7e.jpg 576w, https:\/\/chablaisnordic.com\/wp-content\/uploads\/sites\/89\/2023\/03\/770f534d-3140-4344-b4bf-a561ee941c7e-169x300.jpg 169w\" sizes=\"(max-width: 576px) 100vw, 576px\" \/><\/figure>\n<\/figure>\n<\/div>\n<\/div>\n<\/div><\/div>\n<\/div>\n<\/div>\n<\/div><\/div>\n\n\n\n<figure class=\"wp-block-image size-large\"><img loading=\"lazy\" width=\"1024\" height=\"461\" src=\"https:\/\/chablaisnordic.com\/wp-content\/uploads\/sites\/89\/2023\/03\/b8c71752-ec86-4bde-9508-8ca1f426abb5-1024x461.jpg\" alt=\"\" class=\"wp-image-983\" srcset=\"https:\/\/chablaisnordic.com\/wp-content\/uploads\/sites\/89\/2023\/03\/b8c71752-ec86-4bde-9508-8ca1f426abb5-1024x461.jpg 1024w, https:\/\/chablaisnordic.com\/wp-content\/uploads\/sites\/89\/2023\/03\/b8c71752-ec86-4bde-9508-8ca1f426abb5-300x135.jpg 300w, https:\/\/chablaisnordic.com\/wp-content\/uploads\/sites\/89\/2023\/03\/b8c71752-ec86-4bde-9508-8ca1f426abb5-768x346.jpg 768w, https:\/\/chablaisnordic.com\/wp-content\/uploads\/sites\/89\/2023\/03\/b8c71752-ec86-4bde-9508-8ca1f426abb5-1536x692.jpg 1536w, https:\/\/chablaisnordic.com\/wp-content\/uploads\/sites\/89\/2023\/03\/b8c71752-ec86-4bde-9508-8ca1f426abb5-500x225.jpg 500w, https:\/\/chablaisnordic.com\/wp-content\/uploads\/sites\/89\/2023\/03\/b8c71752-ec86-4bde-9508-8ca1f426abb5.jpg 2016w\" sizes=\"(max-width: 1024px) 100vw, 1024px\" \/><\/figure>\n","protected":false},"excerpt":{"rendered":"<p>Le groupe MASTERS permet aux adultes fondeurs et \/ ou parents de b\u00e9n\u00e9ficier de cours collectifs skaring tous les samedis matin avec OLIVIER. Cette s\u00e9quence est au m\u00eame moment que les s\u00e9ances des jeunes (COMPETITEURS et LOISIR) \u00e0 savoir tous &hellip; <a href=\"https:\/\/chablaisnordic.com\/?page_id=188\">Continuer la lecture <span class=\"meta-nav\">&rarr;<\/span><\/a><\/p>\n","protected":false},"author":3554,"featured_media":0,"parent":0,"menu_order":0,"comment_status":"closed","ping_status":"closed","template":"","meta":[],"_links":{"self":[{"href":"https:\/\/chablaisnordic.com\/index.php?rest_route=\/wp\/v2\/pages\/188"}],"collection":[{"href":"https:\/\/chablaisnordic.com\/index.php?rest_route=\/wp\/v2\/pages"}],"about":[{"href":"https:\/\/chablaisnordic.com\/index.php?rest_route=\/wp\/v2\/types\/page"}],"author":[{"embeddable":true,"href":"https:\/\/chablaisnordic.com\/index.php?rest_route=\/wp\/v2\/users\/3554"}],"replies":[{"embeddable":true,"href":"https:\/\/chablaisnordic.com\/index.php?rest_route=%2Fwp%2Fv2%2Fcomments&post=188"}],"version-history":[{"count":7,"href":"https:\/\/chablaisnordic.com\/index.php?rest_route=\/wp\/v2\/pages\/188\/revisions"}],"predecessor-version":[{"id":1820,"href":"https:\/\/chablaisnordic.com\/index.php?rest_route=\/wp\/v2\/pages\/188\/revisions\/1820"}],"wp:attachment":[{"href":"https:\/\/chablaisnordic.com\/index.php?rest_route=%2Fwp%2Fv2%2Fmedia&parent=188"}],"curies":[{"name":"wp","href":"https:\/\/api.w.org\/{rel}","templated":true}]}}